*3 - 3*s**2 + s + 2. Let f be n(3). Let w(o) = 5*o**2 + 3 - f*o**3 + 0*o**2 - 4*o - 4 + 4*o**3. Calculate w(4).
-1
Let p(a) = a + 3. Let g(r) = -12*r - 39. Let c(l) = 2*g(l) + 27*p(l). Calculate c(-2).
-3
Let o(p) = -p**3 - 24*p**2 - 22*p + 23. Let v be o(-23). Let u(f) be the third derivative of -1/6*f**3 + 0 + 1/60*f**5 + 1/6*f**4 + v*f - f**2. What is u(-4)?
-1
Let g(z) = -4*z**2 + 2*z. Let j be 6/3 + 2 + -1 + -1. Determine g(j).
-12
Let q(l) = -3*l**2 - 20*l + 5. Let o(p) = 2 + 18*p - 5*p - 5 + 2*p**2. Let j(y) = -8*o(y) - 5*q(y). Calculate j(-2).
3
Let f = -40 - -241/6. Let r(c) be the third derivative of f*c**4 + 0 + 1/6*c**3 + 0*c + 2*c**2 + 1/60*c**5. Determine r(-4).
1
Let j(h) = -h**2 + 3*h - 2. Let z = -8 + 9. Suppose z = 4*l - 15. Calculate j(l).
-6
Let i(h) = h**2 - 2*h - 2. Let x be i(4). Let w be ((-2)/(-6))/((-4)/(-36)). Let j(k) = 1 + 6*k - 2 + 0*k + 5*k**2 - k**w. Give j(x).
-1
Let s(m) be the first derivative of -m**3/3 - 3*m**2 - 5*m + 1. Let r be 0 - (-3 + 0 - -2). Let h(x) = -6*x + 1. Let o be h(r). Calculate s(o).
0
Let n(h) = -4*h. Let y(v) = -9*v. Let z(r) = -7*n(r) + 3*y(r). Determine z(1).
1
Let l(w) = -w**2. Let q = -13 + 11. Calculate l(q).
-4
Let g(h) = -1 - 2*h**2 + 0*h**2 + 3*h**2. Let r(q) = 2*q**2 + 4*q + 3. Let v(m) = -3*g(m) + r(m). Determine v(6).
-6
Let q(a) be the first derivative of a**5/40 - a**4/24 - a**3/3 - 4. Let b(n) be the third derivative of q(n). Calculate b(-2).
-7
Let f(x) = -x**3 - 6*x**2 + 7*x - 7. Suppose 5*k - 4 + 39 = 0. Determine f(k).
-7
Let k(v) = 18*v + 1. Let g(x) = -6*x - 25. Let s be g(-4). Determine k(s).
-17
Let i(x) = x**2 + 3*x - 5. Let q = 60 + -65. Calculate i(q).
5
Let c(s) be the third derivative of s**5/60 - s**4/3 + 2*s**3/3 - 3*s**2. What is c(5)?
-11
Let n(v) be the second derivative of v**4/12 + v**3 - v**2 + 27*v. What is n(-5)?
-7
Let b(k) = k**3 + 4*k**2 + k. Let y be (-76)/(-6) + 2/(-3). Let q be (y/(-10))/(3/(-10)). Let u be (-2)/((8/3)/q). Determine b(u).
6
Let r(v) = 5*v**2 + 10*v - 1. Let k(p) = p**2 + p + 1. Let h(l) = -4*k(l) + r(l). Determine h(-6).
-5
Let y(w) = w**2 - 5*w + 3. Let z be y(5). Suppose 0 = -z*j - 2*g - 3*g - 20, 5*g + 20 = -2*j. Let s(f) = -f**3 + 2*f - f - 3 + j*f**2 - 3*f**2. Calculate s(-3).
-6
Let u(v) be the second derivative of v**4/6 - 2*v**3/3 + 2*v**2 - 8*v. Let r be 3/(-9) - 20/(-6). Determine u(r).
10
Let b(d) be the first derivative of 5*d**3/3 - d + 4. Let g(j) = j**3 + j**2 - 3*j - 3. Let z be g(-2). Give b(z).
4
Let d(n) = -3*n - 4. Suppose -18 + 8 = 2*f. Calculate d(f).
11
Let z = 166 - 157. Let b(v) = v**3 - 8*v**2 - 9*v - 6. What is b(z)?
-6
Let y(x) be the third derivative of x**5/6 - x**4/12 + x**3/6 + 2*x**2. Let v be (0 + -1)*(-2 - -1). Determine y(v).
9
Let f = 13 - 12. Let v(t) = 2*t**3 - 1. What is v(f)?
1
Let f be (-3 - -2)/(2/24). Let c = -14 - f. Let r(h) = 3*h + 1. What is r(c)?
-5
Let z be (-2 - -1)/(5/(-15)). Suppose j + 1 = -1, z*d - 12 = -3*j. Let c(m) = -m + 4. Calculate c(d).
-2
Let v(o) be the third derivative of o**7/840 - o**6/60 + 7*o**5/120 + o**3/2 - 2*o**2. Let x(f) be the first derivative of v(f). Calculate x(5).
10
Let o(u) be the third derivative of -u**6/40 + u**4/24 + 24*u**2. Suppose -2*b - 6 = -0. Let f = b + 4. Calculate o(f).
-2
Let a(f) be the first derivative of -f**2/2 + 2*f + 5. Give a(-2).
4
Let l(k) = k**3 + 4*k**2 + 4. Let x be 5 + 126/(-12) + 6/4. What is l(x)?
4
Let r(i) = i**2 - 4*i + 1. Let o be r(4). Let p(c) be the second derivative of c**5/10 + c**3/6 - 3*c. What is p(o)?
3
Let s(a) be the third derivative of a**6/120 - a**5/60 - a**4/24 - 2*a**3/3 - 14*a**2. Calculate s(0).
-4
Let h(q) = -q - 1. Let i(t) = 5*t + 4. Let r(l) = -3*h(l) - i(l). What is r(7)?
-15
Let s(x) = 1. Let u(r) = r + 0*r - 3*r + r. Let z(c) = -5*s(c) - u(c). Give z(5).
0
Let f be (4 + -2 + 9)/1. Let g(m) = 13*m**3 - 12*m**2 - 2*m - 15. Let n(l) = 7*l**3 - 6*l**2 - l - 8. Let x(o) = f*n(o) - 6*g(o). Give x(6).
8
Let o(g) = 2*g**2 - g + 1. Let a be 3/6*0 - -6. Let s(u) = -21*u - 1. Let x be s(-1). Let t be (x/a + -3)*6. Calculate o(t).
7
Suppose 2*g - 3 = 3. Suppose -2*v - g*v = -15. Let l(b) = -3*b - 1. Let u(t) = 4*t + 1. Let a(q) = 5*l(q) + 4*u(q). Determine a(v).
2
Let x(b) = 4*b**2 + 2. Let a(o) = -o**2 + 1. Let h(y) = 3*a(y) - x(y). Determine h(1).
-6
Let i(q) = q**2 + q + 1. Suppose h = 4*h. Suppose -2*a + 0*a - 8 = h. Let t be a/(-3)*(-6)/4. What is i(t)?
3
Let k be -2 - 6/(-9)*6. Suppose -r = -k*r. Let w(a) = -a**3 + a**2 - a + 5. Calculate w(r).
5
Let f = 23 - 21. Let x(u) = 0 - 2 - u + 1 + u**f + 2. What is x(0)?
1
Let k(q) = -11*q**3 + 9*q**2 + 2*q - 2. Let j(g) = -5*g**3 + 4*g**2 + g - 1. Let h be 24/2 + 6 + -9. Let x(r) = h*j(r) - 4*k(r). Give x(0).
-1
Let r(j) be the first derivative of 3*j - 1/2*j**2 + 3. What is r(-3)?
6
Suppose -30 = 5*h + 20. Let r = -7 - h. Let g(a) = r + 0 + 1 + 0 + a. Give g(0).
4
Let f = -49 - -35. Suppose -c = 4*l - 45, 5*l + c - 28 - 27 = 0. Let d = f + l. Let i(u) = -3*u - 6. What is i(d)?
6
Let y(x) be the third derivative of x**4/12 + x**3/6 + 8*x**2. Give y(-4).
-7
Let w(m) = -m**2 + 5*m + 3. Suppose 0 = 2*n - 4. Let s = n + 2. What is w(s)?
7
Suppose -s - 25 = -5*s - j, j - 15 = -2*s. Let r(v) = 3*v - 4. Let l(h) = -h. Let d(z) = 2*l(z) + r(z). Determine d(s).
1
Let f = 19 + -13. Suppose f*y + 8 = 2*y. Let w(t) = 2*t**2 + 2*t + 2. Determine w(y).
6
Let o(f) = f**3 + 2*f**2 + f + 1. Suppose 2*z - 4*z = -10, -15 = -5*q + 4*z. Suppose -2*p + 1 - q = 0. What is o(p)?
-11
Suppose 6*p = -2*h + p + 13, 4*h - 5*p = 11. Let d(t) = 3*t - 6. Calculate d(h).
6
Let c(b) = -2*b + 3. Let o = 39 - 43. Determine c(o).
11
Let q be 12 + -1 + (2 - 2). Let h(a) = -2*a**2 + a + 1. Let x be h(2). Let f = q + x. Let b(u) = u**2 - 7*u + 6. Determine b(f).
0
Let c(r) = r**3 + 7*r**2 + 9*r + 9. Suppose 7*p = 4*p - 18. What is c(p)?
-9
Let i = -14 - -12. Let q(v) be the third derivative of v**4/8 + v**3/3 - 3*v**2. Give q(i).
-4
Let h(t) be the third derivative of -3/2*t**3 + 0 + 1/60*t**5 + 0*t - 8*t**2 - 1/4*t**4. Calculate h(7).
-2
Suppose -15 = -4*b - 3. Suppose 9*j - 5*j = 12. Let w(l) = -3 - b*l + 0*l + j. Determine w(3).
-9
Let x(i) = -7 + 3 - 2*i + 3*i. What is x(3)?
-1
Suppose -21 = 5*i - 6. Let x(w) = -w + 1. Give x(i).
4
Let i(u) = 5*u + 3. Let w(s) = -s - 1. Let v(m) = 2*i(m) + 9*w(m). Give v(0).
-3
Suppose f - 1 = v, 7*v + 5*f = 2*v - 45. Let s(p) = 3 + 4*p - 3*p + 3. What is s(v)?
1
Let m(a) be the second derivative of -a**3/6 + 3*a**2 + 7*a. Calculate m(-6).
12
Let k(t) = -t**2 + 4*t - 5. Let y(s) = s**3 + 11*s**2 + 4. Let r be y(-11). Determine k(r).
-5
Let k(p) be the third derivative of -p**4/8 + 2*p**3/3 + 7*p**2. Determine k(3).
-5
Let k(x) be the third derivative of x**5/120 + x**4/3 - x**3/2 + 5*x**2. Let f(m) be the first derivative of k(m). What is f(-5)?
3
Let z(s) be the first derivative of -s**3/3 + s**2/2 - 11*s + 7. Calculate z(0).
-11
Let i(f) = -f**2 - 4*f + 3. Let s(p) = -2*p**2 - 7*p + 6. Let h(d) = -7*i(d) + 4*s(d). Give h(3).
-6
Let a(p) = 2*p + 9. Let l be (6 - (3 + -3 - 3))*-1. Determine a(l).
-9
Suppose 0 = -4*s - 8 - 4. Let q(r) = -r**3 - 2*r**2 + r - 2. Calculate q(s).
4
Let z(q) = -3*q**3 + 9*q**2 - 11. Let a(v) = v**3 - 4*v**2 + 5. Let r(b) = -13*a(b) - 6*z(b). Determine r(-1).
-6
Let j = -17 + 22. Let a(p) = p**3 + 2*p - 1. Let c be a(1). Let h(n) = c*n + 1 - 5 - n. Calculate h(j).
1
Suppose -4*h - 4 = 4. Let b be (-1)/((-15)/(-9) + h). Let q(n) = -1 - 3*n**3 + 0*n**b + 2*n + 8*n**3 - 3*n. Determine q(-1).
-5
Let q(x) = -x**2 - 4*x - 3. Let d be q(-3). Let r(a) = a**3 + 6*a + 5. Let c(o) = o**3 + 7*o + 6. Let s(b) = 5*c(b) - 6*r(b). What is s(d)?
0
Let h(d) be the third derivative of d**4/12 + 4*d**2. What is h(2)?
4
Suppose -10 = -6*k + k. Let b(n) = -n**k + 3*n - 10*n + n**3 + 6 - 2*n**2. Determine b(4).
-6
Suppose 6 = -3*q - 9. Let z(r) = -r**3 - 5*r**2 - 2*r + 5. What is z(q)?
15
Let t be (-2)/(-3) - (-171)/27. Let d(w) = w**2 - 6*w - 6. What is d(t)?
1
Let x(m) = -2*m**2 + 1. Suppose 3*v - 3*o - 12 = 0, 2*v + 3*o - 2 = 11. Suppose 5*r + 5 = -v. Give x(r).
-7
Suppose -20 = 6*v - 2*v. Let i(m) = -m**2 + m + 5. Let x be i(0). Let g(o) = o**3 - 3*o**3 + 2*o + x*o**2 + 6 + 3*o**3. Determine g(v).
-4
Suppose 5*w - 2*j = 18, 3*w + 3 = -2*j + 1. 